q**2 + 1/2*q**3 - 20*q. Let h(s) be the first derivative of n(s). Give h(-10).
3
Suppose 0 = h - 5*h - 2*n + 12, 0 = -2*h - 2*n + 6. Let v(j) = -j**2 - 5*j + 7*j**2 - 10*j**2 - h. What is v(-4)?
-47
Suppose 5*l + 0*l - 20 = 0. Let g(v) be the third derivative of 0*v**4 - v**2 + 0*v + 7 + 1/20*v**5 + 1/6*v**3 - 1/120*v**6. Calculate g(l).
-15
Suppose -133 = -5*i + 142. Let l be 2/(((-2)/(-11))/(5/i)). Let z(g) = -6*g**3 + 2*g**2 - g. Give z(l).
-5
Let b(n) = -6081*n - 51 - 46 + 30 + 6082*n. Calculate b(0).
-67
Let g(c) = 8 + 7*c**2 + 220*c + c**3 - 436*c + 223*c. Let k = -18 + 21. Suppose 5*l = -20, -k*j - 12 = 2*l + 14. Calculate g(j).
2
Suppose -18 - 37 = -5*f. Let g(p) = 9*p**3 - p**2 - 4*p - 1. Let c(n) = -62*n**3 - 3*n**2 + 18*n - 5. Let v(h) = c(h) + 7*g(h). What is v(f)?
-1
Suppose 4*x + 5*a - 37667 = 0, -16*x + 14*x - 5*a + 18821 = 0. Let w(d) = -3*d**2 + 9425 + 2*d**2 - x. Calculate w(-3).
-7
Let r(h) be the third derivative of h**4/24 - 3*h**3/2 + h**2. Let b(x) = -x**3 - 3*x**2 + 6*x - 6. Let k be b(-5). Suppose -268*l + 270*l - k = 0. Give r(l).
-2
Let h(q) = q**3 + 8*q**2 + 6*q - 2. Let w(n) = n**2 - n + 2. Let p be w(0). Suppose d - p*d = 7. Calculate h(d).
5
Let r(l) = -12*l - 1. Let n be (1 - -2)*(-64)/(-24). Suppose 2*t = -n, -3*t - 6 = -2*b + 5*b. Suppose -o - f = -2, 0 = o + b*f - 2 - 3. Determine r(o).
11
Let q(k) = 17 - 179*k**2 + 73*k**2 + 107*k**2 + 10*k. Give q(-5).
-8
Suppose 4*q = -2*v - 0*q - 8, -5*v - 2*q = -12. Let z = v + -3. Let s be (-4)/(-12)*(z - 13). Let r(h) = 2*h**2 + 6*h. Determine r(s).
8
Let s = 9 - -7. Let h(r) = -3*r + 7*r**3 + s*r**2 - 14*r**2 + 4*r. Calculate h(-1).
-6
Let r = 8191 + -8191. Let c(l) = l**3 + 3*l**2 - 14. Calculate c(r).
-14
Let t(q) = -q. Suppose -14*x = -50 - 20. Suppose x*a - 9 = 16. Determine t(a).
-5
Let m(s) be the third derivative of 3*s**5/20 - s**3/6 - 5*s**2. Suppose -10*f + 11*f - 1 = 0. Let n be (-1 + 2 - -1)/(f - -1). Give m(n).
8
Let r be 8 + 4 - (1 - -1). Suppose -c - w + 0 = 8, 5*w = -r. Let d(y) = 11*y - 2 + 0*y**2 - 5*y + 2*y**2 + y**3 + 5*y**2. Determine d(c).
-2
Suppose 6 = 3*j - p, -1 = -4*j + 67*p - 68*p. Let c(i) = -10*i**2 + 3*i - 2. Give c(j).
-9
Let d(y) be the first derivative of -y**3/3 + 4*y**2 + 42*y - 2438. Give d(11).
9
Let h(d) = -d**2 + 3*d + 1. Suppose 0 = 7*v - 99 - 832. Let j = v - 130. Suppose 16 = -a - s - j*s, -5*a - 5*s - 5 = 0. Calculate h(a).
-3
Let p = 9 + -4. Let z(v) be the third derivative of v**5/60 - 5*v**4/24 - 163*v**3/3 - 286*v**2. Let m(u) be the first derivative of z(u). Determine m(p).
5
Suppose -51882 = 48*r - 13002. Let n = r + 811. Let b(g) = -14*g**2 + g. Give b(n).
-13
Let y(p) be the first derivative of -p**3/3 + 5*p**2/2 + 4*p - 24. Let h be y(4). Let j(w) = -h*w - w**3 + w + 8*w + 21. Calculate j(0).
21
Let k(d) = -5*d**2 + 77*d + 12. Let m(i) = 23*i**2 - 362*i - 59. Let y(u) = -14*k(u) - 3*m(u). Let t = 16 + -23. Give y(t).
2
Let k(m) = m**2 + 5*m + 3. Suppose 6*n = -o + n, -5*n = 0. Suppose 3 + 7 = -5*u - 4*b, o = -3*u - b - 13. What is k(u)?
9
Suppose 49*o = -200*o + 650 + 346. Let i(l) = l**3 - 5*l**2 + 3*l + 9. Calculate i(o).
5
Let z(n) = -n**2 + 10*n + 3. Let p be (18/12)/(2/(-4)) + 9. Suppose y + 5 = p*y, 3*j - 26 = 4*y. Calculate z(j).
3
Let s(n) = n**3 - n**2 + n + 1. Suppose -7*f = -13*f. Suppose 2*g - 18 = 4*l - f*g, 5*g - 19 = -3*l. Give s(l).
-13
Let r(m) = -19*m**3 + 32*m**2 + 57*m + 123. Let i(u) = 5*u**3 - 8*u**2 - 14*u - 30. Let o(l) = -23*i(l) - 6*r(l). Calculate o(-6).
0
Let p(t) be the second derivative of 7*t + 5*t**2 + 0 - 1/60*t**5 - 1/2*t**3 + 1/6*t**4. Let o(q) be the first derivative of p(q). Give o(6).
-15
Suppose y + 1 = -4*o + 10, -2*o + 3*y = -1. Let f(p) = 3 - 39*p**2 - 4 + 63*p**2 - 25*p**o + 5*p. Give f(4).
3
Let k be (-5)/(20/48)*34/136. Let r be (-18)/4*(-6)/9. Let c(j) = -5 + 5*j + 5 + r. What is c(k)?
-12
Let z(g) = -16*g - 29. Let d(o) = 15*o + 23. Let q(j) = -4*d(j) - 3*z(j). Let h(l) = 12*l + 6. Let n(a) = -5*h(a) - 6*q(a). Give n(-4).
-48
Let t(d) = -d**3 - 12*d**2 - 5*d - 56. Suppose -29*q + 14*q = 180. What is t(q)?
4
Let b(o) = 2*o**2 + 180*o - 11 - 366*o + 193*o - o**2. Let f be b(-8). Let j(g) = g**2 + 3*g - 1. Calculate j(f).
-1
Let x = -4042 + 4037. Let u(o) = o**2 - 2 + o + 1 - 8 + 12. Calculate u(x).
23
Let m(p) = -242*p - 97*p + 336*p. Let h = 4 - 2. Give m(h).
-6
Let o(h) be the second derivative of -11*h**3/6 - 72*h**2 + 3130*h. Give o(-13).
-1
Let c(b) = -b**3 - 4*b**2 + 18*b - 11. Let w(z) = -z**3 - 2*z**2 + 8*z - 5. Let y(x) = -2*c(x) + 5*w(x). Determine y(1).
-4
Let k(r) = -r. Let n be (4/5)/(61/10 + -6). Let u(v) = -2*v. Let i(h) = n*k(h) - u(h). What is i(3)?
-18
Let i(t) = -t**2 + 9*t + 79. Suppose -7*q + 61*q - 810 = 0. Determine i(q).
-11
Let q(p) be the second derivative of -p**5/20 - p**4/2 + p**2/2 + 3*p + 13. Let x(a) = -a**3 - a**2. Let o(r) = q(r) - 3*x(r). Give o(2).
5
Suppose 20*h - 925 = -845. Let z(n) = -8*n + 22. Determine z(h).
-10
Let g(f) = -f**3 + 2*f**2 + 7*f - 25. Let b(v) = -299*v**2 - 3291*v - 19. Let s be b(-11). What is g(s)?
-13
Let i(s) = s**3 + 15*s**2 + 10*s - 10. Let x = -3295 + 3281. What is i(x)?
46
Let r(q) = 2*q**3 - q**2 + 4*q - 6. Let p be r(3). Suppose -4*j + 59 = p. Let t(z) = z**3 - 6 + 0*z**2 + 7*z**2 - 11*z**j + 0*z**3. Give t(5).
19
Let t(v) be the first derivative of -v**3/3 - 9*v**2/2 + 11*v + 2. Let f be (-54)/36*1/3*112/7. Determine t(f).
19
Let o(n) = -n**3 - 8*n**2 + 16*n - 12. Let z(j) = j - 2. Let w(v) = o(v) + 3*z(v). Calculate w(-10).
-8
Let n(o) = o**3 + 2*o**2 - 651*o - 3185. Let z be n(-5). Let c(p) = 5*p + 4. Let i(m) = -6*m - 3. Let y(a) = 4*c(a) + 3*i(a). Calculate y(z).
-3
Let y = -71 + 62. Let v(s) = 74*s**3 + 69*s**3 - 144*s**3 + 2*s + 10 - 9*s**2. What is v(y)?
-8
Let d(c) be the third derivative of -c**7/1260 + c**6/48 - c**5/24 - c**4/6 - 2*c**3 + 106*c**2. Let y(u) be the second derivative of d(u). Give y(6).
13
Suppose 23*z - 14030 = -23*z. Let f = 299 - z. Let x(j) = -j**3 - 5*j**2 + 4*j + 4. Calculate x(f).
16
Suppose -8*m = 4*o - 5*m - 27, -2*m - 2 = -4*o. Let j(h) be the first derivative of 14/3*h**o + 9 + 0*h**2 - h. Give j(1).
13
Let w(r) = 18 + 139*r - 41*r - 46*r - 50*r. Give w(-9).
0
Let i(u) = u**2 + 2*u - 6. Suppose 0 = -5*w + 3*b - 30, -5*w - 4*b = 722 - 727. What is i(w)?
-3
Suppose -40*a - 4714 + 4394 = 0. Let o(t) = t**3 + 8*t**2 - 7*t - 10. Determine o(a).
46
Let u(x) = 38*x - 155. Let w = -1855 + 1859. Calculate u(w).
-3
Let h(k) be the first derivative of k**4/4 + 14*k**3/3 + 5*k**2 - 38*k + 368. Determine h(-13).
1
Let v(o) = 6*o - 3. Let d(l) = -6*l + 3. Let y(q) = 2*d(q) + 3*v(q). Suppose 10*s - 212 = 14*s. Let b = s + 55. Determine y(b).
9
Let t = -183/4 - -185/4. Let x(r) be the second derivative of -19*r + 0 + 3/2*r**3 + t*r**4 - 1/20*r**5 - 9/2*r**2. Give x(7).
5
Let v(j) = -4*j - 6. Let f(g) = 77*g**3 + 3*g**2 + 4*g + 2. Let m be f(-1). Let x be (-3)/(-7) + 5357/77. Let h = x + m. Calculate v(h).
18
Let k(m) = -66*m**2 + 22*m + 53. Let u(n) = 175*n**2 - 66*n - 155. Let w(z) = -8*k(z) - 3*u(z). Determine w(-2).
9
Let k be (-2)/(-8)*13*132/429. Let o(d) = -7*d + 15. Let y(p) = -4*p + 7. Let r(h) = -6*o(h) + 13*y(h). Calculate r(k).
-9
Let u(m) = -m**2 + 21*m - 4. Let h(o) = o**2 - 40*o + 7. Let n(b) = -6*h(b) - 11*u(b). Let g(q) = 2*q**2 + 4*q + 1. Let k(r) = -7*g(r) + 3*n(r). Give k(1).
-1
Let n(m) be the first derivative of 2*m**2 + 5*m - 4. Let v(t) = 2*t + 5. Let s be v(0). Let z be 3/s + 23/(-5). Give n(z).
-11
Suppose 32 + 1102 = 54*t. Let h(i) = i**3 - 23*i**2 + 45*i - 53. What is h(t)?
10
Let h(y) = -14*y**2 - 7*y + 2. Let b(u) = u**2 - u. Let l(w) = 2*b(w) + h(w). Let g(p) = -p**2 - 3*p + 1. Let a(v) = 4*g(v) - l(v). What is a(1)?
7
Let t(g) = -g**2 - 6*g. Let m(f) = 9*f**2 + 57*f + 9. Let j(w) = -m(w) - 8*t(w). Let x be 0/(0 - 2) + -6. What is j(x)?
9
Let s(w) = w - 6. Let k = -4486 + 4473. Calculate s(k).
-19
Let d(r) = -4*r. Suppose -977 = -5*j - 307. Let p = j + -129. What is d(p)?
-20
Let u = -7399 - -7404. Let q(o) = -o**3 + 4*o**2 + 7*o - 17. What is q(u)?
-7
Let k(o) = -16*o + 1111 - 7*o + 7*o - o**2 - 1147. Calculate k(-11).
19
Let u(o) be the first derivative of 0*o + 1/2*o**2 + 101 + 9/2*o**4 - 2/3*o**3. Determine u(1).
17
Let g(r) be the first derivati